e r(-4). Let o = -11877 - h. Is o a prime number?
False
Let d(y) = -3*y + 29. Let z be d(12). Let i(q) = -11*q**3 + 7*q**2 + 8*q + 1. Is i(z) a composite number?
True
Let l = 1015 + -1016. Is 89 + -81 - 1115*l prime?
True
Suppose 0 = 4*d + 9 - 17. Suppose -w - 4*w + 12841 = d*j, -4*w + 10278 = -j. Is w composite?
True
Suppose -5*d - 9 + 2 = -j, 3*j + 5*d = 41. Suppose -j*y + 39127 = -y. Is y a composite number?
False
Suppose 9*j - 19*j + 569743 = -621087. Is j a prime number?
True
Let l = -55300 + 103415. Is l a composite number?
True
Let r = 3220120 + -1221203. Is r a prime number?
True
Let i(m) be the second derivative of 5*m**4/4 - 11*m**3/6 - 5*m**2/2 + 40*m - 2. Is i(-3) a prime number?
True
Let i(t) = -t**3 + 6*t**2 - t - 15. Let a be i(5). Suppose a*z - 6*z = -551. Is z prime?
False
Suppose 5*b + 26 = 4*p - 0*b, 3*b + 6 = 0. Suppose 5*v = u - 2*u + 27, -28 = -p*v - 4*u. Suppose -5*h + 0*h - v*n + 4585 = 0, -937 = -h + 4*n. Is h composite?
True
Let v = -1616958 + 3315353. Is v composite?
True
Suppose 2*b - 1261 = 2707. Suppose 11*m - 10971 = -b. Suppose -m = -5*l + 868. Is l a composite number?
False
Let x = -3454 + 7816. Let w = 895 + x. Is w composite?
True
Is -1*((-9 - 1749378) + -8 + 12) prime?
True
Let o(s) = 9 + 2*s + 47*s**2 - 14 + 1 + 13. Is o(4) prime?
True
Let x(l) = l**3 + 7*l**2 + 9*l + 17. Let t be x(-7). Let p = t - -48. Suppose 5*a = -10, -1882 - 286 = -4*b + p*a. Is b prime?
True
Suppose -3*y = -2*n + 6*n - 7, -n + 13 = 3*y. Is (-1)/((-9)/n) + (-69640)/(-72) a prime number?
True
Let q(f) = 7914*f + 295. Is q(41) composite?
True
Let u = -90446 + 207957. Is u prime?
True
Let g(q) = -q**3 + 168*q**2 - 833*q - 589. Is g(161) a composite number?
True
Let s be 2178 + 15 + (0 - -4). Suppose -m = -2*d - s, -14*m + 11*m + d + 6606 = 0. Is m a composite number?
False
Let v = 155564 - 78309. Is v a prime number?
False
Suppose -u - 47 = -5*y, -50*u + 52*u - 23 = -3*y. Is -1*(-2 + y + -4424) prime?
False
Let t = -1342 + 7352. Suppose -5*x = 5*r - t, r - 1325 = 4*x - 148. Suppose r = 3*f + 4*m, -764 - 430 = -3*f - 3*m. Is f a prime number?
False
Let f(t) = -332*t - 5377. Is f(-51) a prime number?
False
Let u = -7087 + -853. Let l = u + 12193. Is l a composite number?
False
Let j(y) = -2*y**3 - 11*y**2 + 5*y - 9. Let l be j(-9). Let u be l - ((-27)/(-45) - 14/(-10)). Let v = u - -196. Is v composite?
True
Suppose 3*t - 4*t + 44 = -5*b, 0 = -2*b + 5*t - 36. Let h(p) be the second derivative of -157*p**3/6 - 3*p**2/2 + 56*p. Is h(b) composite?
True
Suppose 2*m - 5 = -s, 2*m + 4*s + 10 + 0 = 0. Suppose 0 = -m*a - 5*d + 35, -5*a = d - 3 - 20. Is 3 + (a - -254) + 4 a prime number?
False
Is (62714/12 - 0)/(-25*(-10)/1500) a composite number?
False
Suppose -2*l = -7*l + 75. Suppose 0 = -3*o - 2*i + 2621, 8*i - l = 11*i. Is o composite?
False
Let b(m) be the second derivative of -m**5/20 + m**4 + 29*m**3/6 + 7*m**2/2 - 2*m. Suppose 55 - 85 = -3*c. Is b(c) composite?
True
Suppose 12*b - 4*b = 32. Suppose -3*h + 6*h = -5*q - 173, b*q = 4*h + 220. Is 1/((-2)/(-6)) - h composite?
False
Suppose 93*p = 1813841 - 596192. Is p prime?
True
Suppose 632 = 6*t - 166. Suppose -132*b - 3 = -t*b. Suppose 2*y - d - 1551 = 0, -b*d = -4*y - 8*d + 3137. Is y prime?
False
Is 13467919/310 + (-4)/(-40) a prime number?
False
Suppose -14425 - 34086 = -2*x - 3*l, 1 = -l. Is x a prime number?
False
Suppose 16*w + 20*w - 8736084 = 0. Is w a prime number?
False
Let x(k) = 13*k**2 - 307 + 7*k**2 - 5*k + 296. Is x(6) a prime number?
False
Let i(a) = -68*a**3 - 19*a**2 - 13*a + 125. Is i(-13) a prime number?
False
Suppose 47*n - 33*n - 98798 = 0. Is n a composite number?
False
Suppose s - 1209 = -5*a, a = -s + 745 + 472. Let b = -428 + s. Is b composite?
True
Let c(s) = -1046*s**3 + 6*s**2 + 36*s + 89. Is c(-3) composite?
False
Is 108762318/1701*18/4 a prime number?
True
Let g(u) = u**3 - 10*u**2 - 12*u + 13. Let w be g(11). Suppose w*s + 3325 = 7*s. Suppose 4*h = 5*l + 532, -l = -5*h - 0*l + s. Is h composite?
True
Suppose 0 = 3*z + 2*r + 22208, 29624 = -6*z + 2*z + 4*r. Let t = 11181 + z. Is t composite?
True
Let w(i) = -1548*i**3 - 7*i**2 - 2*i + 13. Is w(-2) a composite number?
False
Let d(s) = -42007*s + 653. Is d(-6) a prime number?
False
Let h = 123 + -152. Let v(o) = -o**3 - 27*o**2 + 33*o + 12. Is v(h) a prime number?
False
Let u = 2395 + 1046. Suppose 0 = 62*y - 59*y - u. Is y a prime number?
False
Let q(s) = s**3 - 28*s**2 - 33*s + 128. Let w be q(29). Suppose -w*u = -u - 42097. Is u prime?
False
Let o(j) = -13858*j - 2865. Is o(-22) a composite number?
True
Suppose 4*u = 3*u. Suppose u = 5*z - 4*n - 12452, 0 = -n - n - 6. Suppose -3066 - z = -2*l. Is l a composite number?
False
Let s be (-8 - 2)*6/(-15). Let j = 804 - 801. Suppose -5*m - j*g + 4569 = -g, -8 = -s*g. Is m a prime number?
False
Suppose 5*l - y = 114, 0 = -3*l + 6*l + 5*y - 46. Let x(c) = 2274*c + 413. Is x(l) a prime number?
True
Let l = -146 + 148. Let p(z) = 3771*z - 47. Is p(l) a prime number?
False
Let y(l) = 79495*l - 1282. Is y(3) a composite number?
False
Is (-3)/15 + ((-792843)/(-15) - -3) composite?
False
Suppose 6*i - 10*i + 8 = 0. Let n be (i + 5/10)*276. Suppose -5*w = -3245 - n. Is w prime?
True
Suppose 79*y - 2252969 = 4464954. Is y a composite number?
False
Suppose -17*k + 98 = 13. Suppose 2*v + k*j = 3, 3*v - 4*j + 2 = 5*v. Let f(y) = -454*y**3 + y**2 + 2*y. Is f(v) a composite number?
True
Let p = 30 - 12. Suppose -p*c + 60174 = -15084. Is c a prime number?
False
Let f = 45 + -51. Let k(a) be the second derivative of -89*a**3/3 + 83*a**2/2 - 14*a. Is k(f) a prime number?
True
Let y(z) = 19*z**2 + 55*z + 121. Let g(v) = -17*v**2 - 54*v - 117. Let h(i) = -6*g(i) - 5*y(i). Is h(42) composite?
False
Let y be ((-5)/((-100)/(-35)))/((-1)/4). Suppose 0 = -y*u + 15*u - 29176. Is u a composite number?
True
Let z be (21/(-6) + 4)*46. Suppose 0 = -z*s + 20*s + 1893. Is s a prime number?
True
Let a be (-31724)/(-26) - (-16)/(-104). Suppose -5*w = 5*u - a, -3*u + 8 = -7*u. Let q = 440 - w. Is q a prime number?
False
Suppose -4*w + 7127 = b - 144486, -2*b = 3*w - 303206. Is b a composite number?
False
Let j be (3/(-4))/(37/148). Is ((-4346)/j + -4)/((-12)/(-18)) prime?
False
Let j(y) = 24*y**2 - 4. Let h be j(3). Suppose v + 37*z - 34*z = h, 4*z = 4*v - 800. Is v a prime number?
False
Suppose -x - 7*b = -12*b - 110291, -5*x = 5*b - 551395. Is x a prime number?
True
Suppose 0 = -2852*b + 2867*b - 2808075. Is b a prime number?
False
Is (-285465)/(-2) - (-9)/18 a prime number?
True
Is (-43 - 3559821/19)/((2/(-5))/1) composite?
True
Is (-18)/72*(-14043 + -1) a composite number?
False
Let u be 1/5 + 0 + 259/5. Suppose -3*c = 4*q + u, 2*q = -4*c - 13 - 3. Let j(o) = 9*o**2 + 14*o - 29. Is j(q) a composite number?
True
Let p = 403964 - 41631. Is p composite?
False
Let i be 44/(-154) - (108146/14 - 0). Is (-5)/(10/(-8)) + i/(-3) composite?
False
Suppose -6*h - 4142644 = -10*h + 3*k, -2*k - 5178305 = -5*h. Is h a prime number?
False
Let f(k) = -24*k - 29. Let h be f(5). Let l = 192 + h. Is l prime?
True
Let o(k) = 9*k**2 - 13*k + 14. Let r be o(4). Suppose -2*x - 3*f = -391, f = 5*x - 1058 + r. Is x prime?
True
Suppose w = -2*q + 1424814, -5*w - 121617 + 834006 = q. Is q composite?
False
Let n = -9787 - -16647. Suppose -8*j + 3*j = -t + n, -t + 4116 = -3*j. Let f = -521 - j. Is f composite?
True
Suppose -63384 = 9*p + 31134. Let u = 14899 + p. Is u a composite number?
False
Let v be 12*((-6 - -3) + 3/2). Let n be (-6)/(-4) + v/(-4). Suppose 5*f = n*f - 89. Is f prime?
True
Let c(r) = 18*r**2 + 18*r + 26. Let h be c(-10). Let j = -247 + h. Is j a prime number?
True
Let f = 36250 - -46791. Is f a composite number?
True
Suppose 0 = 4*g - 3*y - 9143681, 0 = -3*y + 2*y - 7. Is g composite?
True
Let s(u) = -12*u**2 + u - 1. Let d be s(1). Let x(i) be the first derivative of 4*i**3/3 - 15*i**2/2 - 3*i + 298. Is x(d) a composite number?
True
Let o(x) = -408*x - 47. Let z(h) = 2*h**2 + 28*h + 85. Let g be z(-5). Is o(g) prime?
True
Let o(h) = -77*h**3 + 2*h**2 + 22*h - 2. Let k be o(-10). Suppose -6*q + k = 16*q. Is q a prime number?
True
Suppose -25 = -2*t - 3*t. Suppose t*v - 8*v = -33. Suppose 1899 + 3040 = v*b. Is b prime?
True
Let v(l) = 150*l + 1. Suppose -4*m + 32 = -g, -m - 5*g = -0*g - 8. Is v(m) pri